{"id":228,"date":"2021-03-07T20:13:12","date_gmt":"2021-03-07T19:13:12","guid":{"rendered":"http:\/\/dev.biennaitre-a-nantes.fr\/?page_id=228"},"modified":"2024-07-15T11:25:57","modified_gmt":"2024-07-15T09:25:57","slug":"evenements","status":"publish","type":"page","link":"http:\/\/www.biennaitre-a-nantes.fr\/index.php\/evenements\/","title":{"rendered":"Ev\u00e8nements"},"content":{"rendered":"\n<p>Nous organisons aussi des soir\u00e9es sp\u00e9ciales<strong> lors de la Semaine Mondiale de l\u2019Accouchement Respect\u00e9 (SMAR)<\/strong> en mai: une pi\u00e8ce de th\u00e9\u00e2tre, une projection de film, une conf\u00e9rence-d\u00e9bat..&nbsp;<\/p>\n\n\n\n<p>Cette ann\u00e9e 2024, ce sera<span style=\"color:#da7b38\" class=\"has-inline-color\"> <strong>toute la semaine sur tous nos r\u00e9seaux !<\/strong><\/span><span class=\"has-inline-color has-black-color\"> Not<\/span>ez d\u00e9j\u00e0 la date: du 20 au 27 mai !<\/p>\n\n\n\n<p>Retrouvez toutes les videos de la SMAR 2024 ici: <a href=\"https:\/\/urlz.fr\/rfux\" target=\"_blank\" rel=\"noreferrer noopener\">https:\/\/urlz.fr\/rfux<\/a><\/p>\n\n\n\n<p><\/p>\n\n\n\n<p>A l&rsquo;invitation d&rsquo;autres associations ou organismes, nous pouvons aussi intervenir dans la r\u00e9gion comme nous l&rsquo;avons r\u00e9guli\u00e8rement fait lors de forums des associations, des salons de La Leche League, au caf\u00e9 l&rsquo;Abordage ou de l&rsquo;association Arbre \u00e0 B\u00e9b\u00e9s \u00e0 Angers, etc&#8230;&nbsp; N&rsquo;h\u00e9sitez pas \u00e0 nous solliciter !&nbsp;<\/p>\n\n\n\n<p>Nos CA sont ouverts \u00e0 tous, ils ont lieu sur une petite journ\u00e9e, de 12h \u00e0 18h: d\u00e9jeuner partag\u00e9 convivial puis s\u00e9ance de travail. Ils auront lieu les 2 septembre, 2 d\u00e9cembre, 24 f\u00e9vrier et 13 mai. Les lieux varient, chez l&rsquo;une ou l&rsquo;autre ou dans un espace de Coworking. Nous n&rsquo;avons en effet pas de local&#8230; Envoyez nous un petit message quelques jours avant pour avoir l&rsquo;adresse si vous avez envie de nous rencontrer. <\/p>\n","protected":false},"excerpt":{"rendered":"<p>Nous organisons aussi des soir\u00e9es sp\u00e9ciales lors de la Semaine Mondiale de l\u2019Accouchement Respect\u00e9 (SMAR) en mai: une pi\u00e8ce de th\u00e9\u00e2tre, une projection de film, une conf\u00e9rence-d\u00e9bat..&nbsp; Cette ann\u00e9e 2024, ce sera toute la semaine sur tous nos r\u00e9seaux ! Notez d\u00e9j\u00e0 la date: du 20 au 27 mai ! Retrouvez toutes les videos de &hellip; <\/p>\n","protected":false},"author":1,"featured_media":151,"parent":0,"menu_order":0,"comment_status":"closed","ping_status":"closed","template":"","meta":[],"_links":{"self":[{"href":"http:\/\/www.biennaitre-a-nantes.fr\/index.php\/wp-json\/wp\/v2\/pages\/228"}],"collection":[{"href":"http:\/\/www.biennaitre-a-nantes.fr\/index.php\/wp-json\/wp\/v2\/pages"}],"about":[{"href":"http:\/\/www.biennaitre-a-nantes.fr\/index.php\/wp-json\/wp\/v2\/types\/page"}],"author":[{"embeddable":true,"href":"http:\/\/www.biennaitre-a-nantes.fr\/index.php\/wp-json\/wp\/v2\/users\/1"}],"replies":[{"embeddable":true,"href":"http:\/\/www.biennaitre-a-nantes.fr\/index.php\/wp-json\/wp\/v2\/comments?post=228"}],"version-history":[{"count":7,"href":"http:\/\/www.biennaitre-a-nantes.fr\/index.php\/wp-json\/wp\/v2\/pages\/228\/revisions"}],"predecessor-version":[{"id":338,"href":"http:\/\/www.biennaitre-a-nantes.fr\/index.php\/wp-json\/wp\/v2\/pages\/228\/revisions\/338"}],"wp:featuredmedia":[{"embeddable":true,"href":"http:\/\/www.biennaitre-a-nantes.fr\/index.php\/wp-json\/wp\/v2\/media\/151"}],"wp:attachment":[{"href":"http:\/\/www.biennaitre-a-nantes.fr\/index.php\/wp-json\/wp\/v2\/media?parent=228"}],"curies":[{"name":"wp","href":"https:\/\/api.w.org\/{rel}","templated":true}]}}

Evènements

<p>Nous organisons aussi des soirées spéciales<strong> lors de la Semaine Mondiale de l’Accouchement Respecté (SMAR)</strong> en mai: une pièce de théâtre, une projection de film, une conférence-débat..&nbsp;</p>



<p>Cette année 2024, ce sera<span style="color:#da7b38" class="has-inline-color"> <strong>toute la semaine sur tous nos réseaux !</strong></span><span class="has-inline-color has-black-color"> Not</span>ez déjà la date: du 20 au 27 mai !</p>



<p>Retrouvez toutes les videos de la SMAR 2024 ici: <a href="https://urlz.fr/rfux" target="_blank" rel="noreferrer noopener">https://urlz.fr/rfux</a></p>



<p></p>



<p>A l&rsquo;invitation d&rsquo;autres associations ou organismes, nous pouvons aussi intervenir dans la région comme nous l&rsquo;avons régulièrement fait lors de forums des associations, des salons de La Leche League, au café l&rsquo;Abordage ou de l&rsquo;association Arbre à Bébés à Angers, etc&#8230;&nbsp; N&rsquo;hésitez pas à nous solliciter !&nbsp;</p>



<p>Nos CA sont ouverts à tous, ils ont lieu sur une petite journée, de 12h à 18h: déjeuner partagé convivial puis séance de travail. Ils auront lieu les 2 septembre, 2 décembre, 24 février et 13 mai. Les lieux varient, chez l&rsquo;une ou l&rsquo;autre ou dans un espace de Coworking. Nous n&rsquo;avons en effet pas de local&#8230; Envoyez nous un petit message quelques jours avant pour avoir l&rsquo;adresse si vous avez envie de nous rencontrer. </p>

<p>Nous organisons aussi des soirées spéciales lors de la Semaine Mondiale de l’Accouchement Respecté (SMAR) en mai: une pièce de théâtre, une projection de film, une conférence-débat..&nbsp; Cette année 2024, ce sera toute la semaine sur tous nos réseaux ! Notez déjà la date: du 20 au 27 mai ! Retrouvez toutes les videos de &hellip; </p>
