{"id":236,"date":"2021-03-07T20:21:44","date_gmt":"2021-03-07T19:21:44","guid":{"rendered":"http:\/\/dev.biennaitre-a-nantes.fr\/?page_id=236"},"modified":"2025-06-15T11:00:16","modified_gmt":"2025-06-15T09:00:16","slug":"les-soirees-du-mardi","status":"publish","type":"page","link":"http:\/\/www.biennaitre-a-nantes.fr\/index.php\/les-soirees-du-mardi\/","title":{"rendered":"Bien Na\u00eetre aupr\u00e8s de vous"},"content":{"rendered":"\n<p>\u00c9v\u00e9nement phare depuis 1984, les soir\u00e9es du mardi ont toujours eu pour but de <strong>rassembler les parents autour d\u2019une discussion conviviale et informative. <\/strong>Mais les temps et les modes ont chang\u00e9, et \u00e0 la  rentr\u00e9e 2024 nous avons d\u00e9cider nous aussi de devenir modernes \ud83d\ude42<\/p>\n\n\n\n<p>Nous avons donc cr\u00e9\u00e9 une <span class=\"has-inline-color has-luminous-vivid-orange-color\">communaut\u00e9 WhatsApp<\/span> ouvertes \u00e0 toutes et tous, avec diff\u00e9rents salons pour parler grossesse, accouchement, et besoins de t\u00e9moignage apr\u00e8s un mauvais v\u00e9cu. Demandez-nous acc\u00e8s par sms au 06.42.08.34.22 (un peu trop de spam ces derniers temps)<\/p>\n\n\n\n<p>Mais comme nous avons n\u00e9anmoins envie de vous voir, nous proposerons aussi des<span class=\"has-inline-color has-luminous-vivid-orange-color\"> temps en pr\u00e9sentiel autour de th\u00e9matiques<\/span> qui vous concernent: porter une r\u00e9clamation suite \u00e0 une mauvaise prise en charge, r\u00e9diger son projet de naissance, \u00ab\u00a0d\u00e9clenchement, p\u00e9ridurale, c\u00e9sarienne.. et mon projet?\u00a0\u00bb etc.. Les dates seront publi\u00e9es ici, mais aussi sur tous nos r\u00e9seaux. <\/p>\n\n\n\n<p>N\u2019h\u00e9sitez pas \u00e0 nous rejoindre pour poser vos questions ou t\u00e9moigner aupr\u00e8s des autres parents.&nbsp;C&rsquo;est toujours sans taboo, non dogmatique et gratuit (mais vos adh\u00e9sions nous donnent l&rsquo;\u00e9nergie de tout \u00e7a)<\/p>\n\n\n\n<p>A tr\u00e8s bient\u00f4t !<\/p>\n\n\n\n<p><\/p>\n\n\n\n<p><\/p>\n","protected":false},"excerpt":{"rendered":"<p>\u00c9v\u00e9nement phare depuis 1984, les soir\u00e9es du mardi ont toujours eu pour but de rassembler les parents autour d\u2019une discussion conviviale et informative. Mais les temps et les modes ont chang\u00e9, et \u00e0 la rentr\u00e9e 2024 nous avons d\u00e9cider nous aussi de devenir modernes \ud83d\ude42 Nous avons donc cr\u00e9\u00e9 une communaut\u00e9 WhatsApp ouvertes \u00e0 toutes &hellip; <\/p>\n","protected":false},"author":1,"featured_media":137,"parent":0,"menu_order":0,"comment_status":"closed","ping_status":"closed","template":"","meta":[],"_links":{"self":[{"href":"http:\/\/www.biennaitre-a-nantes.fr\/index.php\/wp-json\/wp\/v2\/pages\/236"}],"collection":[{"href":"http:\/\/www.biennaitre-a-nantes.fr\/index.php\/wp-json\/wp\/v2\/pages"}],"about":[{"href":"http:\/\/www.biennaitre-a-nantes.fr\/index.php\/wp-json\/wp\/v2\/types\/page"}],"author":[{"embeddable":true,"href":"http:\/\/www.biennaitre-a-nantes.fr\/index.php\/wp-json\/wp\/v2\/users\/1"}],"replies":[{"embeddable":true,"href":"http:\/\/www.biennaitre-a-nantes.fr\/index.php\/wp-json\/wp\/v2\/comments?post=236"}],"version-history":[{"count":20,"href":"http:\/\/www.biennaitre-a-nantes.fr\/index.php\/wp-json\/wp\/v2\/pages\/236\/revisions"}],"predecessor-version":[{"id":358,"href":"http:\/\/www.biennaitre-a-nantes.fr\/index.php\/wp-json\/wp\/v2\/pages\/236\/revisions\/358"}],"wp:featuredmedia":[{"embeddable":true,"href":"http:\/\/www.biennaitre-a-nantes.fr\/index.php\/wp-json\/wp\/v2\/media\/137"}],"wp:attachment":[{"href":"http:\/\/www.biennaitre-a-nantes.fr\/index.php\/wp-json\/wp\/v2\/media?parent=236"}],"curies":[{"name":"wp","href":"https:\/\/api.w.org\/{rel}","templated":true}]}}

Bien Naître auprès de vous

<p>Événement phare depuis 1984, les soirées du mardi ont toujours eu pour but de <strong>rassembler les parents autour d’une discussion conviviale et informative. </strong>Mais les temps et les modes ont changé, et à la  rentrée 2024 nous avons décider nous aussi de devenir modernes 🙂</p>



<p>Nous avons donc créé une <span class="has-inline-color has-luminous-vivid-orange-color">communauté WhatsApp</span> ouvertes à toutes et tous, avec différents salons pour parler grossesse, accouchement, et besoins de témoignage après un mauvais vécu. Demandez-nous accès par sms au 06.42.08.34.22 (un peu trop de spam ces derniers temps)</p>



<p>Mais comme nous avons néanmoins envie de vous voir, nous proposerons aussi des<span class="has-inline-color has-luminous-vivid-orange-color"> temps en présentiel autour de thématiques</span> qui vous concernent: porter une réclamation suite à une mauvaise prise en charge, rédiger son projet de naissance, « déclenchement, péridurale, césarienne.. et mon projet? » etc.. Les dates seront publiées ici, mais aussi sur tous nos réseaux. </p>



<p>N’hésitez pas à nous rejoindre pour poser vos questions ou témoigner auprès des autres parents.&nbsp;C&rsquo;est toujours sans taboo, non dogmatique et gratuit (mais vos adhésions nous donnent l&rsquo;énergie de tout ça)</p>



<p>A très bientôt !</p>



<p></p>



<p></p>

<p>Événement phare depuis 1984, les soirées du mardi ont toujours eu pour but de rassembler les parents autour d’une discussion conviviale et informative. Mais les temps et les modes ont changé, et à la rentrée 2024 nous avons décider nous aussi de devenir modernes 🙂 Nous avons donc créé une communauté WhatsApp ouvertes à toutes &hellip; </p>
